p a composite number?
False
Let r = 65 - 46. Let j = 19 - r. Suppose 0 = -t + 2*s + 83, 0 = -3*s - j + 3. Is t a prime number?
False
Let c = 18 - 15. Is ((-6)/c - -6) + 1033 a composite number?
True
Suppose -299*s - 80532 = -311*s. Is s composite?
True
Suppose 10*z - 65205 = 5*z. Is 5/20 + z/12 a composite number?
False
Suppose -6408 = -131*u + 129*u. Suppose u = -6*y + 31902. Is y composite?
False
Suppose 0 = 2*f - 5 - 11. Let a(b) = -37*b**3 + 11*b**2 - 6*b + 4. Let k(u) = 13*u**3 - 4*u**2 + 2*u - 1. Let y(l) = -6*a(l) - 17*k(l). Is y(f) composite?
True
Let g(l) = -l - 1. Let c = 8 - 15. Let f be g(c). Suppose 0 = f*u - u - 745. Is u prime?
True
Let t(z) = -3*z**2 - z + 947. Let x = 16 - 16. Let b be x/((-4 - -7)/(-3)). Is t(b) composite?
False
Let t be ((-7)/(-14))/((-2)/(-12)). Let b(a) = -a**3 - 2*a**2. Let g be b(-2). Suppose -t*o + 5 + 160 = g. Is o composite?
True
Suppose -89*o + 2*g - 12816 = -93*o, 5*g - 12822 = -4*o. Is o a prime number?
True
Let w be (-4 - (-6 - -3))*0. Let n be 1*1/(-3)*w. Suppose -2355 = -n*j - 3*j. Is j a prime number?
False
Is 2 + (0 - (-3792 - -9)) prime?
False
Suppose 8 + 8 = 4*b. Suppose -k + 5*y = b, -2 = -3*k + y - 0. Suppose -k = p - 24. Is p a prime number?
True
Suppose 43*i + 3409 = 44*i. Is i a prime number?
False
Let w(f) = 10*f + 2*f - 21*f + 8*f**2 + 4 - 4*f**3 + 2. Is w(-9) prime?
False
Suppose -4*k = 4, -6*q = -2*q - 2*k - 10. Suppose 0 = 4*w + q - 6. Let z(r) = 52*r + 1. Is z(w) a composite number?
False
Suppose 0 = -5*c + j - 7, -2*c = 3*c + 5*j - 5. Is (-92*c/8)/(1/10) composite?
True
Let a be (-4 - -1)/(-1 - (-24)/20). Let c(u) = -u**3 - 13*u**2 + 17*u + 16. Is c(a) a prime number?
True
Suppose 2*k - 2*d = -3*k + 100, -k - 4*d + 42 = 0. Suppose 5*v = 415 + 660. Suppose -v - k = -3*y. Is y composite?
False
Let n be (-11360)/(-13) + 4/26. Suppose n = -3*a + 5*a. Is a a composite number?
True
Suppose 2*f - 7 = -1. Suppose -5*h - 2 = -h + l, -6 = f*l. Suppose h = -v + 4*q + 165, -321 = -5*v + 3*v - q. Is v composite?
True
Suppose 1747586 = 63*q - 1202137. Is q a composite number?
True
Suppose -3*c + 72441 = -3*h, -c + 17062 = 2*h - 7070. Is c a composite number?
True
Suppose 9*a - 1070 = 253. Suppose -2*x = -9*x + a. Is 768/21 + 9/x prime?
True
Let j(i) = -1730*i - 5. Let r be (-1)/7 + (-39)/21. Is j(r) composite?
True
Is (0 + -2)*1*(-45470)/20 prime?
True
Let o(m) = -50*m + 67. Is o(-21) composite?
False
Is ((-12756176)/564)/(8/(-6)) a composite number?
False
Suppose -5*b - 3*d - 94 = 0, 6*d - 2*d = -b - 29. Let h = b - -17. Suppose 5*k + 77 - 262 = h. Is k a composite number?
False
Let a = -11 + 14. Suppose 4*s = -a*j + 2341, -4*j = 2*s - 1188 + 10. Is s a composite number?
True
Suppose 8 = 4*m - 0*m. Suppose 3*n = m*n - 59. Is (n/(-2))/((-2)/(-4)) a prime number?
True
Let q = 71 - -121. Let b = 271 - q. Is b a composite number?
False
Suppose 5*m = 6*m - 6761. Is m composite?
False
Suppose -12*d + 2*d + 100 = 0. Let t = d - -21. Is t a prime number?
True
Suppose -2*s = -2*t - 6, s + 6 = -4*t - 11. Let p be s/3 + (-355)/(-3). Is p/(-4)*(-1 + -1) a composite number?
False
Let n(b) = -b**2 - 2*b + 3. Let d be n(0). Suppose 6*j = -15 + d. Is j + -1 + 0 - -98 a composite number?
True
Suppose 0 = 5*t - 27887 + 277. Let h = t - 2443. Is h a composite number?
False
Suppose -5*k + 16 = 4*b, -18 + 0 = -4*k + 2*b. Suppose 4595 = v + k*v. Is v a prime number?
True
Suppose 2*c + 4 = 3*c. Suppose 650 = -m - c*q + 3143, -12490 = -5*m + 5*q. Is m a prime number?
False
Suppose -5*c + 0 = -15. Is (-2)/(1 - c) + 2876/2 a composite number?
False
Suppose -5*l - 938343 = -26*l. Is l prime?
True
Let p be (5/2)/(5/10). Suppose 0 = 2*y - 2, 3*f + f + p*y = 5409. Is f a prime number?
False
Suppose -41772 = 67*k - 79*k. Is k prime?
False
Let k = 5 - 2. Suppose 4*z = k*z + 742. Suppose -2*g - 2*l - 304 = -4*g, 5*g = -l + z. Is g composite?
False
Suppose -19*w - 96 = -362. Is (-4)/w + ((-15502)/(-14) - -2) a composite number?
False
Let b = 44 + -21. Suppose -6 = 22*k - b*k. Let p(d) = 2*d**2 - 4*d - 1. Is p(k) composite?
False
Suppose 23081 = 2*s + 3*d, 5*s - 9094 = -d + 48576. Is s composite?
True
Suppose 2*c = 5*d - 3693, -3673 = 5*d - 10*d - 3*c. Is d a composite number?
True
Let t = -148 + -243. Let j = -132 - t. Is j a prime number?
False
Let x = -602 + 689. Is x a composite number?
True
Suppose -i - 2286 = -4*i. Suppose 0 = -2*g + i + 196. Is g a composite number?
False
Let u(n) = 217*n + 46. Is u(25) prime?
True
Let m be (-13 - -12)/(1/17). Let x = 15 + m. Is (1/x)/(1/(-1814)) a prime number?
True
Let p be -2 - (6 + -3) - -10166. Suppose -p = -14*h + 997. Is h prime?
True
Let r = 21772 - 14019. Is r a composite number?
False
Let f be -2 + 10 - (-2 + 3). Suppose -f*b = -5*b - 4310. Is b a composite number?
True
Let y be (-3)/((-6)/15 + 14/(-40)). Suppose -2*t = 2*t - 12, y*t - 1405 = -x. Is x composite?
True
Let a be 10/55 + 40/22. Suppose 1 = -a*w + 5. Suppose 31 = 2*v + 3*q, 13 = w*v - 3*q - 0. Is v a composite number?
False
Suppose -1901 = -5*q - 306. Let p = -127 - -23. Let d = q + p. Is d composite?
True
Suppose -3*f - 550589 = -5*z, -4*f + 6 = -f. Is z a prime number?
True
Suppose -4*w - 5 = -9*w. Is 368/(-12)*(-2 - w/(-2)) prime?
False
Suppose 5*v + 2186 = -254. Let r = 877 + v. Is r composite?
False
Let w(y) = 42*y**2 - y + 115. Is w(-8) a prime number?
False
Is ((-944)/(-24))/((-4)/(-246)) prime?
False
Suppose -108*h + 37524 = -96*h. Is h a composite number?
True
Let c = 689 + -407. Suppose -7*t + c = -2329. Is t prime?
True
Let o(w) = 215*w + 419. Is o(18) prime?
True
Suppose -5*l + 4*w - 1196 = 0, 2*l - 5*w = -0*l - 475. Let b be (1/(-4))/(12/l). Suppose 2*o - 1045 = -2*u - 3*u, 2*u + b*o = 397. Is u a prime number?
True
Let g(d) = -d**2 - 5*d + 4. Let j be g(-5). Let q be -2*-2*j/(-16). Is -2 + 296 - q - 0 a prime number?
False
Suppose 5*y = -o + 1239, o = 3*y + 682 + 589. Is o a composite number?
False
Suppose 0 = -m + 2*y - 767, -2333 = -6*m + 9*m + 2*y. Let z = 1148 + m. Is z a prime number?
True
Is -80 - -86 - (-33541)/1 composite?
False
Let j = 1045 - 540. Is j a composite number?
True
Suppose 2*w - 4580 = -2*y, -4*w + 0*w + 2*y + 9166 = 0. Is w a prime number?
False
Let d(h) = -907*h + 43. Suppose 4*i + p = -14, 45 - 17 = -5*i + 4*p. Is d(i) a composite number?
False
Suppose -5*d - 452 = -7*d. Suppose -4*y - d = -5*y. Is y a prime number?
False
Let z(p) = 151*p - 21. Let h be z(11). Suppose h = 5*j - 3*w - 2740, -4*j + 3491 = -5*w. Is j composite?
True
Suppose u - 5*q = 305, -1282 + 299 = -3*u - 2*q. Let n = u + -192. Is n a composite number?
True
Let n be 16 - 10/(-15)*3. Suppose -a = -379 - n. Is a a prime number?
True
Let a(y) = 2*y**3 - 2*y**2 + 17*y + 14. Is a(7) a prime number?
False
Suppose -4*v + 2*v = -4*j - 5546, -v + 2773 = 2*j. Is v composite?
True
Let d(u) = 7*u**3 - u**2 - 10*u + 6. Let i(f) = 6*f**3 - 2*f**2 - 10*f + 7. Let h(t) = 5*d(t) - 6*i(t). Let p be h(8). Let k(w) = 3*w + 9. Is k(p) composite?
True
Let i(y) = -2*y**3 - 15*y**2 - 19*y - 61. Is i(-10) a prime number?
False
Let i = 68 + -67. Is i/(-2)*10*-59 composite?
True
Is ((-2032)/(-64))/((-1)/(-44)) prime?
False
Suppose 0 = -12*x + 4*x + 2856. Suppose -m + n + x = 4*n, 0 = -2*m + 3*n + 750. Suppose -4*f + 3*i = -m, f - 4*f + 276 = -3*i. Is f composite?
True
Let t = -34 - -43. Suppose -3*a - 3 = t, 0 = 5*j + 3*a - 10183. Is j a prime number?
True
Let p = -7 + 17. Suppose 11*d = p*d + 377. Is d prime?
False
Let u(a) = -a**2 + 3*a - 28. Let r be u(15). Let f = -161 + 66. Let s = f - r. Is s composite?
False
Let f = -630 + 81. Let z = 1306 + f. Let p = -78 + z. Is p prime?
False
Suppose 3*p - 6696 = 3*k, 5*k = -p + 1393 + 833. Is p prime?
False
Suppose 0 = -v + 5*h + 337 + 1248, 4*v - 4*h - 6340 = 0. Is v prime?
False
Let f be 1 - (2 + -5 - -3). Suppose -q = -o + f, 6 + 1 = 2*o + 3*q. Is 21/6*(24 - o) a prime number?
False
Let a be -9 - (-2 - (-6)/3). Let t be (4/((-12)/a))/(-1). Is 3/(t/(-31))*1 a prime number?
True
Suppose -6*m + 1601 + 24745 = 0. Is m prime?
True
Let m be (0 - 2)/((-6)/1542). Let t = m + 657. Is t a prime number?
True
Suppose 3*m - 70 = -2*f, -m - m + 3*f = -51. Suppose -m - 16 = s. Is s/(-4 + 2) - 1 a prime number?
True
Let y be 8/(-12)*(-4 + -2). Suppose u - d - 3145 = -3*u, -2*d + 3154 = y*u. Is u a co